{"id":899,"date":"2020-05-15T08:11:56","date_gmt":"2020-05-15T06:11:56","guid":{"rendered":"https:\/\/cardiohiit.be\/?page_id=899"},"modified":"2024-01-14T17:17:11","modified_gmt":"2024-01-14T16:17:11","slug":"dors","status":"publish","type":"page","link":"https:\/\/cardiohiit.be\/index.php\/articles\/dors\/","title":{"rendered":"DORS !"},"content":{"rendered":"\n<h1 class=\"has-vivid-cyan-blue-color has-text-color wp-block-heading\">Le sommeil a un effet sur la perte de poids<\/h1>\n\n\n\n<div class=\"wp-block-image\"><figure class=\"aligncenter\"><img decoding=\"async\" src=\"https:\/\/www.julienvenesson.fr\/wp-content\/uploads\/homme-dort.jpg.webp\" alt=\"vue de dessus d'un homme qui dort en \u00e9tant tourn\u00e9 sur le c\u00f4t\u00e9\"\/><\/figure><\/div>\n\n\n\n<p class=\"has-text-color has-text-align-center has-medium-font-size has-vivid-cyan-blue-color\"><strong>Le moment le plus important pour la perte de poids est la nuit.<\/strong><\/p>\n\n\n\n<p style=\"color:#ffffff\" class=\"has-text-color\">a<\/p>\n\n\n\n<h3 class=\"has-vivid-red-color has-text-color wp-block-heading\">Perdez du poids sans effort<\/h3>\n\n\n\n<p>Des chercheurs canadiens ont recrut\u00e9 123 adultes ob\u00e8ses (hommes et femmes) et leur ont fait suivre un r\u00e9gime amincissant avec suivi di\u00e9t\u00e9tique par un professionnel. L\u2019intervention \u00e9tait simple : les participants devaient manger chaque jour 600 \u00e0 700 kilocalories de moins que ce que leur corps a besoin, pendant 15 \u00e0 24 semaines. Tout au long de l\u2019exp\u00e9rience, la qualit\u00e9 et la dur\u00e9e du sommeil des participants a \u00e9t\u00e9 \u00e9valu\u00e9.<\/p>\n\n\n\n<p>R\u00e9sultat : la perte de poids moyenne des participants fut de 4,5 kilos. Sur ces 4,5 kilos,&nbsp; 3,4 kilos \u00e9tait du gras, le reste repr\u00e9sentant les muscles, l\u2019eau, les os, etc. Mais surtout, le r\u00e9sultat le plus int\u00e9ressant \u00e9tait qu\u2019il y avait un lien tr\u00e8s fort entre la dur\u00e9e du sommeil et la quantit\u00e9 de masse grasse perdue : ceux qui dormaient plus longtemps perdaient plus de poids et en particulier plus de gras (donc moins de muscles, os, etc.).<\/p>\n\n\n\n<p>Plus exactement, ceux qui dormaient 5 heures par nuit ont perdu 3,6 kilos en moyenne alors que ceux qui dormaient 9 heures par nuit ont perdu 6,48 kilos !! Il s\u2019agit d\u2019une diff\u00e9rence tr\u00e8s importante, sans changer d\u2019alimentation. Les chercheurs concluent que les habitudes de sommeil influencent de mani\u00e8re forte la r\u00e9ussite d\u2019un r\u00e9gime.<\/p>\n\n\n\n<h3 class=\"has-vivid-red-color has-text-color wp-block-heading\">Comment dormir fait perdre du poids<\/h3>\n\n\n\n<p>La nuit, notre organisme est con\u00e7u pour ne pas s\u2019alimenter puisque nous dormons. En cons\u00e9quence, c\u2019est le moment o\u00f9 notre organisme produit de grandes quantit\u00e9s d\u2019hormone de croissance, une hormone qui aide \u00e0 la r\u00e9cup\u00e9ration nerveuse et musculaire mais aussi qui donne l\u2019ordre \u00e0 notre corps d\u2019utiliser les graisses pour fournir de l\u2019\u00e9nergie. Par cons\u00e9quent, un sommeil de bonne qualit\u00e9 et suffisamment long est aussi synonyme d\u2019une plus longue production d\u2019hormone de croissance, ce qui aide \u00e0 bien br\u00fbler les graisses et donc \u00e0 perdre du poids.<\/p>\n\n\n\n<p>C\u2019est aussi ce m\u00e9canisme qui explique pourquoi il est inutile pour les sportifs de se gaver de prot\u00e9ines juste avant de se coucher ou pire, pendant la nuit.<\/p>\n\n\n\n<h3 class=\"has-vivid-red-color has-text-color wp-block-heading\">Am\u00e9liorer son sommeil <\/h3>\n\n\n\n<p>Le probl\u00e8me c\u2019est que lors d\u2019un r\u00e9gime, en particulier s\u2019il est suivi depuis longtemps ou s\u2019il est tr\u00e8s restrictif, la qualit\u00e9 et la dur\u00e9e du sommeil diminuent. Pour contrer ce ph\u00e9nom\u00e8ne on peut :<\/p>\n\n\n\n<ul class=\"wp-block-list\"><li>Prendre un compl\u00e9ment multivitamines complet pour limiter l\u2019apparition de d\u00e9ficits qui perturbent le sommeil (zinc, vitamines B, vitamine C, etc.).<\/li><li>Se suppl\u00e9menter en plus avec du magn\u00e9sium, en particulier en soir\u00e9e.<\/li><li>Prendre une tisane apaisante ou des plantes ayant un effet sur le sommeil : val\u00e9riane, passiflore, verveine, lavande, etc.<\/li><\/ul>\n\n\n\n<p class=\"has-text-color has-pale-pink-color\"><strong>R\u00e9f\u00e9rence<\/strong>&nbsp;:&nbsp;<\/p>\n\n\n\n<p class=\"has-text-color has-pale-pink-color\"><em>Chaput J, -P, Tremblay A, Sleeping Habits Predict the Magnitude of Fat Loss in Adults Exposed to Moderate Caloric Restriction. Obes Facts 2012;5:561-566.<\/em><\/p>\n\n\n\n<p style=\"color:#ffffff\" class=\"has-text-color\">a<\/p>\n\n\n\n<p class=\"has-text-color has-medium-font-size has-vivid-red-color\"><strong>Associ\u00e9s \u00e0 de simples modifications de l&rsquo;hygi\u00e8ne de vie, des nutriments naturels comme le tryptophane, des extraits de val\u00e9riane, d&rsquo;Eschscholzia californica, de Rhodiola rosea ou de houblon peuvent aider \u00e0 retrouver le sommeil sans avoir les effets secondaires de certains somnif\u00e8res.<\/strong><\/p>\n\n\n\n<p>L&rsquo;insomnie est la diminution de la dur\u00e9e habituelle du sommeil et\/ou de sa qualit\u00e9. Le sommeil est alors v\u00e9cu comme l\u00e9ger et non reposant. La journ\u00e9e du lendemain est difficile, ponctu\u00e9e de fatigue, de somnolence, d&rsquo;irritabilit\u00e9 et s&rsquo;accompagne souvent de troubles de l&rsquo;humeur. L&rsquo;insomnie est caract\u00e9ris\u00e9e par des difficult\u00e9s d&rsquo;endormissement (mettre plus de trente minutes pour s&rsquo;endormir), des \u00e9veils nocturnes ou un r\u00e9veil trop pr\u00e9coce.<\/p>\n\n\n\n<p>L&rsquo;insomnie peut \u00eatre occasionnelle ou transitoire. Elle est souvent li\u00e9e \u00e0 une cause facilement rep\u00e9rable. Il peut s&rsquo;agir d&rsquo;une r\u00e9action de l&rsquo;organisme \u00e0 un \u00e9v\u00e9nement accidentel, \u00e0 un stress, tels une s\u00e9paration, un deuil, la perte d&rsquo;un travail ou la perspective d&rsquo;un nouvel emploi ou, tout simplement, se coucher dans un environnement \u00e9tranger ou revenir d&rsquo;un voyage avec un d\u00e9calage horaire. Si la cause perdure, cette insomnie occasionnelle peut \u00e9voluer vers une insomnie chronique.<\/p>\n\n\n\n<p>L&rsquo;insomnie est chronique ou durable lorsqu&rsquo;elle se manifeste depuis plus de trois mois. Elle perturbe profond\u00e9ment la vie et se traduit sur la journ\u00e9e du lendemain par des troubles de l&rsquo;attention, de la concentration, de m\u00e9moire, des troubles du caract\u00e8re (irritabilit\u00e9, tristesse), des difficult\u00e9s \u00e0 accomplir les t\u00e2ches quotidiennes.<\/p>\n\n\n\n<p>Les somnif\u00e8res peuvent \u00eatre utiles en cas d&rsquo;insomnies aigu\u00ebs en r\u00e9action \u00e0 un \u00e9v\u00e9nement traumatisant (d\u00e9c\u00e8s, difficult\u00e9s familiales ou professionnelles). Certains d&rsquo;entre eux ont peu d&rsquo;effets secondaires et \u00e9vitent que l&rsquo;insomnie passag\u00e8re ne se transforme en trouble durable du sommeil.<\/p>\n\n\n\n<p>Les somnif\u00e8res les plus prescrits appartiennent \u00e0 la famille des benzodiaz\u00e9pines. Outre leur effet hypnotique, ils diminuent l&rsquo;anxi\u00e9t\u00e9 et rel\u00e2chent les muscles. Mais ils perturbent l&rsquo;architecture du sommeil et peuvent ainsi induire des troubles de la m\u00e9moire et de la concentration ainsi qu&rsquo;une baisse des performances dans la journ\u00e9e. De surcro\u00eet, leur effet diminue avec le temps.<\/p>\n\n\n\n<p style=\"color:#ffffff\" class=\"has-text-color\">a<\/p>\n\n\n\n<p class=\"has-text-color has-medium-font-size has-vivid-green-cyan-color\"><strong>Le L-tryptophane favorise&nbsp;l&rsquo;endormissement<\/strong><\/p>\n\n\n\n<p>Le L-tryptophane (Laevorotatory-tryptophane), ou tryptophane, est l&rsquo;un des huit acides amin\u00e9s essentiels de l&rsquo;alimentation humaine. C&rsquo;est le pr\u00e9curseur m\u00e9tabolique notamment de la s\u00e9rotonine et de la m\u00e9latonine.<\/p>\n\n\n\n<p>La s\u00e9rotonine est l&rsquo;un des dix principaux neurotransmetteurs du cerveau ; elle intervient notamment dans le sommeil et l&rsquo;humeur. Avec l&rsquo;\u00e2ge, la production de s\u00e9rotonine d\u00e9cline et le stress peut \u00e9galement diminuer ses niveaux. De nombreuses \u00e9tudes montrent qu&rsquo;une \u00e9l\u00e9vation des concentrations de tryptophane dans le cerveau a pour r\u00e9sultat une augmentation de la lib\u00e9ration de s\u00e9rotonine.<\/p>\n\n\n\n<p>La capacit\u00e9 du tryptophane \u00e0 favoriser l&rsquo;endormissement a \u00e9t\u00e9 d\u00e9crite pour la premi\u00e8re fois en 1962<sup>1<\/sup>. Le tryptophane a alors \u00e9t\u00e9 abondamment utilis\u00e9 comme traitement chez des sujets ayant des difficult\u00e9s \u00e0 s&rsquo;endormir.<\/p>\n\n\n\n<p>Pr\u00e8s de 50 \u00e9tudes ont test\u00e9 le tryptophane comme somnif\u00e8re. Bien que les r\u00e9sultats soient variables, un consensus a \u00e9t\u00e9 \u00e9tabli : le tryptophane peut \u00eatre un somnif\u00e8re efficace dans certaines circonstances. Alors qu&rsquo;il est inefficace comme somnif\u00e8re standard dans des cas d&rsquo;insomnie s\u00e9v\u00e8re, il peut diminuer de pr\u00e8s de moiti\u00e9 le temps d&rsquo;endormissement dans des cas d&rsquo;insomnie l\u00e9g\u00e8re, cela m\u00eame \u00e0 de faibles doses (250 mg).<\/p>\n\n\n\n<p style=\"color:#ffffff\" class=\"has-text-color\">a<\/p>\n\n\n\n<p class=\"has-text-color has-medium-font-size has-vivid-green-cyan-color\"><strong>L&rsquo;extrait de racine&nbsp;d&rsquo;Eschscholzia californica<\/strong><\/p>\n\n\n\n<p class=\"has-text-align-center\"><img loading=\"lazy\" decoding=\"async\" height=\"155\" width=\"188\" alt=\"Eschscholzia\" src=\"https:\/\/www.nutranews.org\/data\/images\/sujets\/999\/Eschscholzia.jpg\"><\/p>\n\n\n\n<p>L&rsquo;escholtzia (Eschscholzia californica) appartient comme le coquelicot \u00e0 la famille des papav\u00e9rac\u00e9es. Son autre nom est le pavot de Californie. Ses fleurs ont une belle couleur orang\u00e9 vif. On rencontre cette fleur en France dans la zone m\u00e9diterran\u00e9enne.<\/p>\n\n\n\n<p>En phytoth\u00e9rapie, l&rsquo;escholtzia est utilis\u00e9e pour lutter contre les troubles du sommeil et les r\u00e9veils nocturnes. C&rsquo;est un somnif\u00e8re doux qui peut m\u00eame \u00eatre utilis\u00e9 pour favoriser le sommeil des enfants. Son action antistress est souvent utilis\u00e9e en association avec d&rsquo;autres plantes comme la val\u00e9riane.<\/p>\n\n\n\n<p>C&rsquo;est sa richesse en alcalo\u00efdes (protopine, cryptopine, ch\u00e9lidonine et alcalo\u00efdes du groupe de la pavine) qui lui conf\u00e8re ses propri\u00e9t\u00e9s d&rsquo;hypnotique l\u00e9ger et naturel. Ainsi, la protopine augmente la fixation du GABA aux r\u00e9cepteurs membranaires post-synaptiques chez des rats.<\/p>\n\n\n\n<p>Chez la souris, un extrait aqueux d&rsquo;Eschscholzia a montr\u00e9 chez la souris un effet s\u00e9datif dose d\u00e9pendant. Chez l&rsquo;homme, des \u00e9tudes cliniques ont montr\u00e9 que l&rsquo;Eschscholzia a une bonne efficacit\u00e9 sur l&rsquo;am\u00e9lioration des troubles du sommeil : elle diminue la phase d&rsquo;endormissement et am\u00e9liore la qualit\u00e9 du sommeil.<\/p>\n\n\n\n<p style=\"color:#ffffff\" class=\"has-text-color\">a<\/p>\n\n\n\n<p class=\"has-text-color has-medium-font-size has-vivid-green-cyan-color\"><strong>La val\u00e9riane facilite l&rsquo;endormissement&nbsp;et am\u00e9liore la qualit\u00e9 du sommeil<\/strong><\/p>\n\n\n\n<p class=\"has-text-align-center\"><img loading=\"lazy\" decoding=\"async\" height=\"227\" width=\"224\" alt=\"Val\u00e9riane\" src=\"https:\/\/www.nutranews.org\/data\/images\/sujets\/999\/valeriane.jpg\"><\/p>\n\n\n\n<p>La val\u00e9riane, couramment utilis\u00e9e comme herbe m\u00e9dicinale, est une plante s\u00e9dative. Elle est traditionnellement utilis\u00e9e pour r\u00e9duire la nervosit\u00e9, notamment en cas de troubles du sommeil. Dans une \u00e9tude<sup>2<\/sup>&nbsp;en double aveugle, contr\u00f4l\u00e9e par placebo, huit volontaires ayant une l\u00e9g\u00e8re insomnie ont re\u00e7u 450 ou 900 mg d&rsquo;extrait de val\u00e9riane. L&rsquo;endormissement \u00e9tait acc\u00e9l\u00e9r\u00e9 de 15,8 \u00e0 9 minutes. La plus forte dose ne renfor\u00e7ait pas plus le sommeil que la dose de 450 mg. L&rsquo;extrait de val\u00e9riane n&rsquo;influait pas sur la dur\u00e9e totale du sommeil ni le niveau normal de mouvements au cours de la nuit. Les chercheurs ont conclu que la val\u00e9riane \u00e9tait au moins aussi efficace que de faibles doses de barbituriques ou de benzodiaz\u00e9pines.<\/p>\n\n\n\n<p>82 personnes \u00e2g\u00e9es ayant des troubles du comportement d&rsquo;origine nerveuse, incluant des difficult\u00e9s d&rsquo;endormissement, des difficult\u00e9s \u00e0 dormir au cours de la nuit et une fatigabilit\u00e9 rapide due \u00e0 des troubles du sommeil ont \u00e9t\u00e9 \u00e9valu\u00e9es dans une \u00e9tude<sup>3<\/sup>&nbsp;contr\u00f4l\u00e9e par placebo. Les patients ont re\u00e7u un placebo ou six tablettes quotidiennes d&rsquo;un produit contenant 45 mg d&rsquo;extrait sec standardis\u00e9 \u00e0 0,05 mg d&rsquo;acide val\u00e9r\u00e9nique et d&rsquo;acide ac\u00e9toxyval\u00e9r\u00e9nique. Les sujets \u00e9taient \u00e9valu\u00e9s en fonction de param\u00e8tres objectifs et subjectifs. Les chercheurs ont constat\u00e9 des am\u00e9liorations significatives dans la capacit\u00e9 des sujets \u00e0 s&rsquo;endormir et \u00e0 dormir pendant la nuit ainsi qu&rsquo;une diminution du niveau de fatigue au bout de 14 jours de traitement.<\/p>\n\n\n\n<p>D&rsquo;autres \u00e9tudes<sup>4, 5<\/sup>&nbsp;en double aveugle ont constat\u00e9 que la val\u00e9riane \u00e9tait plus efficace qu&rsquo;un placebo et aussi efficace que des traitements m\u00e9dicamenteux classiques du sommeil. En g\u00e9n\u00e9ral, la val\u00e9riane rend le sommeil plus reposant et l&rsquo;endormissement plus facile mais n&rsquo;allonge pas la dur\u00e9e du sommeil. Une autre \u00e9tude a montr\u00e9 qu&rsquo;une combinaison de val\u00e9riane et de citronnelle am\u00e9liore \u00e9galement efficacement la qualit\u00e9 du sommeil lorsqu&rsquo;elle est prise pendant une p\u00e9riode de deux semaines.<\/p>\n\n\n\n<p>Une \u00e9tude a observ\u00e9 que l&rsquo;extrait de val\u00e9riane augmente le pourcentage de la phase de sommeil lent, la phase la plus profonde et la plus r\u00e9paratrice. L&rsquo;efficacit\u00e9 de l&rsquo;extrait de val\u00e9riane a \u00e9galement \u00e9t\u00e9 d\u00e9montr\u00e9e lorsqu&rsquo;il est associ\u00e9 \u00e0 un extrait de houblon.<\/p>\n\n\n\n<p>La val\u00e9riane produit des effets similaires \u00e0 ceux de m\u00e9dicaments hypnotiques dans le syst\u00e8me nerveux central. Des \u00e9tudes indiquent un risque de toxicit\u00e9 lorsque l&rsquo;on prend de la val\u00e9riane en continu sur des p\u00e9riodes tr\u00e8s longues. La val\u00e9riane a \u00e9t\u00e9 approuv\u00e9e en Allemagne pour le traitement des insomnies et de l&rsquo;anxi\u00e9t\u00e9.<\/p>\n\n\n\n<p style=\"color:#ffffff\" class=\"has-text-color\">a<\/p>\n\n\n\n<p class=\"has-text-color has-medium-font-size has-vivid-green-cyan-color\"><strong>L&rsquo;extrait de Rhodiola rosea module la production d&rsquo;hormones&nbsp;li\u00e9es au stress et diminue la fatigue g\u00e9n\u00e9rale<\/strong><\/p>\n\n\n\n<p>La Rhodiola est une plante vivace qui pousse dans des r\u00e9gions tr\u00e8s froides comme le Groenland ou la Sib\u00e9rie. C&rsquo;est \u00e0 l&rsquo;odeur tr\u00e8s agr\u00e9able de ses fleurs jaunes, proche de celle des roses, qu&rsquo;elle doit son nom de Rhodiola rosea.<\/p>\n\n\n\n<p class=\"has-text-align-center\"><img loading=\"lazy\" decoding=\"async\" height=\"223\" width=\"215\" alt=\"Rhodiola\" src=\"https:\/\/www.nutranews.org\/data\/images\/sujets\/999\/rhodiola.jpg\"><\/p>\n\n\n\n<p>L&rsquo;extrait de racine de Rhodiola rosea agit comme un adaptog\u00e8ne et module la production d&rsquo;hormones li\u00e9es au stress et aide \u00e0 conserver les autres hormones en \u00e9tat d&rsquo;\u00e9quilibre. Les personnes \u00e2g\u00e9es ont, durant la nuit, des niveaux \u00e9lev\u00e9s d&rsquo;hormones li\u00e9es au stress qui peuvent interf\u00e9rer avec le sommeil. En les r\u00e9\u00e9quilibrant, l&rsquo;extrait de racine de Rhodiola rosea peut faciliter l&rsquo;endormissement et am\u00e9liorer la qualit\u00e9 du sommeil.<\/p>\n\n\n\n<p>L&rsquo;effet de l&rsquo;administration quotidienne de 170 mg d&rsquo;un extrait standardis\u00e9 de racine de Rhodiola rosea pendant 14 jours a \u00e9t\u00e9 \u00e9valu\u00e9 sur les performances mentales et la fatigue de 56 jeunes m\u00e9decins en bonne sant\u00e9, hommes et femmes, \u00e2g\u00e9s de 24 \u00e0 35 ans, effectuant des gardes de nuit. Les performances mentales ont \u00e9t\u00e9 \u00e9valu\u00e9es en utilisant des tests qui d\u00e9terminaient la vitesse de r\u00e9ponse \u00e0 des perceptions visuelle et auditive, les capacit\u00e9s d&rsquo;attention ainsi que la m\u00e9moire \u00e0 court terme ; un index de fatigue a \u00e9t\u00e9 calcul\u00e9. Les r\u00e9sultats ont indiqu\u00e9 que, dans certaines conditions de stress, l&rsquo;extrait de Rhodiola rosea peut diminuer la fatigue g\u00e9n\u00e9rale<sup>6<\/sup>.<\/p>\n\n\n\n<p>Une \u00e9tude a examin\u00e9 l&rsquo;effet stimulant et normalisant de l&rsquo;extrait de Rhodiola rosea sur des \u00e9tudiants en m\u00e9decine pendant la p\u00e9riode stressante des examens. 40 \u00e9tudiants ont re\u00e7u, de fa\u00e7on al\u00e9atoire pendant une p\u00e9riode de 20 jours, 50 mg d&rsquo;extrait de Rhodiola rosea ou un placebo. Les \u00e9tudiants suppl\u00e9ment\u00e9s ont rapport\u00e9 une nette diminution de la fatigue mentale, une am\u00e9lioration de leurs habitudes de sommeil et une diminution de leurs besoins de sommeil<sup>7<\/sup>.<\/p>\n\n\n\n<p style=\"color:#ffffff\" class=\"has-text-color\">a<\/p>\n\n\n\n<p class=\"has-text-color has-medium-font-size has-vivid-green-cyan-color\"><strong>L&rsquo;extrait&nbsp;de houblon<\/strong><\/p>\n\n\n\n<p class=\"has-text-align-center\"><img loading=\"lazy\" decoding=\"async\" height=\"229\" width=\"187\" alt=\"Houblon\" src=\"https:\/\/www.nutranews.org\/data\/images\/sujets\/999\/houblon.jpg\"><\/p>\n\n\n\n<p>La m\u00e9decine chinoise reconna\u00eet au houblon les propri\u00e9t\u00e9s de traiter l&rsquo;insomnie. L&rsquo;extrait de houblon est traditionnellement utilis\u00e9, notamment pour ses propri\u00e9t\u00e9s s\u00e9datives et hypnotiques dans le cas de troubles du sommeil. Il agit sur le syst\u00e8me nerveux central et aide \u00e0 soulager la tension et l&rsquo;anxi\u00e9t\u00e9. Il a d&rsquo;abord \u00e9t\u00e9 utilis\u00e9 comme s\u00e9datif et pour faciliter l&rsquo;endormissement. Dans un deuxi\u00e8me temps, il a gagn\u00e9 la r\u00e9putation de traiter efficacement l&rsquo;anxi\u00e9t\u00e9 et l&rsquo;insomnie. La commission E allemande a approuv\u00e9 l&rsquo;usage des strobiles de houblon (les fruits en forme de c\u00f4nes) pour combattre l&rsquo;agitation, l&rsquo;anxi\u00e9t\u00e9 et les troubles du sommeil.<\/p>\n\n\n\n<p>La reconnaissance de cet usage th\u00e9rapeutique repose essentiellement sur un savoir empirique car les \u00e9tudes cliniques sur le houblon seul sont pratiquement inexistantes. Quelques \u00e9tudes ont montr\u00e9 par contre qu&rsquo;associ\u00e9 \u00e0 la val\u00e9riane, l&rsquo;extrait de houblon constitue une alternative aux benzodiaz\u00e9pines dans le traitement de troubles occasionnels du sommeil non psychiatriques<sup>8<\/sup>.<\/p>\n\n\n\n<p style=\"color:#ffffff\" class=\"has-text-color\">a<\/p>\n\n\n\n<p class=\"has-text-color has-pale-pink-color\"><br>R\u00e9f\u00e9rences :<br><em>1. Siegenthaler W., Klinische Pathophysiologie, 1987, 6 Aufl. Thieme, Stuttgart New York, S 149, 1161.<\/em><br><em>2. Aqueous extract of valerian reduces latency to fall asleep in man, Planta Med., 1985, 51:144-148.<\/em><br><em>3. Modern valerian therapy of nervous disorders in elderly patients, Medwelt, 1984, 35:1450-1454.<\/em><br><em>4. Aqueous extract of valerian rot improves sleep quality in man, Pharmacol. Biochem. Behav., 1982, 17:65-71.<\/em><br><em>5. Improvement of sleep quality with high dose valerian\/lemon balm preparation: a placebo-controlled double-blind study, Psychopharmakotherapie, 1996, 6:32-40.<\/em><br><em>6. Darbinyan V. et al, Phytomedicine, 2000 Oct., 7(5):365-371.<\/em><br><em>7. Spasov A.A. et al., Phytomedicine 2000 Apr, 7(2):85-89.<\/em><br><em>8. Schmitz M. et al., Comparative study for assessing quality of life of patients with exogenous sleep disorders (temporary sleep onset and sleep interruption disorders) treated with a hops-valerian preparation and a benzodiazepine drug, Wien Med. Wochenschr., 1998, 148(13):291-8.<\/em><\/p>\n","protected":false},"excerpt":{"rendered":"<p>Le sommeil a un effet sur la perte de poids Le moment le plus important pour la perte de poids est la nuit. a Perdez du poids sans effort Des chercheurs canadiens ont recrut\u00e9 123 adultes ob\u00e8ses (hommes et femmes) et leur ont fait suivre un r\u00e9gime amincissant avec suivi di\u00e9t\u00e9tique par un professionnel. L\u2019intervention [&hellip;]<\/p>\n","protected":false},"author":2,"featured_media":0,"parent":996,"menu_order":0,"comment_status":"closed","ping_status":"closed","template":"","meta":{"footnotes":""},"simple-restrict-permission":[],"class_list":["post-899","page","type-page","status-publish","hentry"],"_links":{"self":[{"href":"https:\/\/cardiohiit.be\/index.php\/wp-json\/wp\/v2\/pages\/899","targetHints":{"allow":["GET"]}}],"collection":[{"href":"https:\/\/cardiohiit.be\/index.php\/wp-json\/wp\/v2\/pages"}],"about":[{"href":"https:\/\/cardiohiit.be\/index.php\/wp-json\/wp\/v2\/types\/page"}],"author":[{"embeddable":true,"href":"https:\/\/cardiohiit.be\/index.php\/wp-json\/wp\/v2\/users\/2"}],"replies":[{"embeddable":true,"href":"https:\/\/cardiohiit.be\/index.php\/wp-json\/wp\/v2\/comments?post=899"}],"version-history":[{"count":8,"href":"https:\/\/cardiohiit.be\/index.php\/wp-json\/wp\/v2\/pages\/899\/revisions"}],"predecessor-version":[{"id":1165,"href":"https:\/\/cardiohiit.be\/index.php\/wp-json\/wp\/v2\/pages\/899\/revisions\/1165"}],"up":[{"embeddable":true,"href":"https:\/\/cardiohiit.be\/index.php\/wp-json\/wp\/v2\/pages\/996"}],"wp:attachment":[{"href":"https:\/\/cardiohiit.be\/index.php\/wp-json\/wp\/v2\/media?parent=899"}],"wp:term":[{"taxonomy":"simple-restrict-permission","embeddable":true,"href":"https:\/\/cardiohiit.be\/index.php\/wp-json\/wp\/v2\/simple-restrict-permission?post=899"}],"curies":[{"name":"wp","href":"https:\/\/api.w.org\/{rel}","templated":true}]}}